9203?
False
Is 46350 a multiple of 170?
False
Does 275 divide 287?
False
Is 1710 a multiple of 57?
True
Is 46 a factor of 7400?
False
Is 3887 a multiple of 41?
False
Does 155 divide 1802?
False
Is 78675 a multiple of 218?
False
Is 540 a multiple of 20?
True
Is 283 a multiple of 3?
False
Is 11 a factor of 75191?
False
Is 240 even?
True
Does 12 divide 174?
False
Does 10 divide 90?
True
Does 6 divide 3129?
False
Is 5 a factor of 34833?
False
Is 14 a factor of 551?
False
Is 13769 a multiple of 34?
False
Does 46 divide 4617?
False
Is 2427 even?
False
Is 26 a factor of 406?
False
Is 546 a multiple of 68?
False
Is 565 a multiple of 4?
False
Is 35 a factor of 1396?
False
Is 91 a factor of 5642?
True
Is 6519 a multiple of 56?
False
Does 83 divide 4316?
True
Does 20 divide 2360?
True
Is 17 a factor of 16717?
False
Is 6823 a multiple of 9?
False
Does 6 divide 313?
False
Is 19 a factor of 274?
False
Is 7991 a multiple of 21?
False
Is 2356 a multiple of 19?
True
Is 41 a factor of 1061?
False
Is 13 a factor of 91?
True
Is 3 a factor of 10605?
True
Is 140 a multiple of 4?
True
Is 12 a factor of 288?
True
Does 7 divide 3346?
True
Does 12 divide 3077?
False
Does 26 divide 1508?
True
Is 1205 a multiple of 13?
False
Does 19 divide 17005?
True
Is 5 a factor of 10105?
True
Is 4890 a multiple of 30?
True
Is 2400 a multiple of 15?
True
Is 2252 even?
True
Is 4 a factor of 704?
True
Is 708 a multiple of 11?
False
Is 14 a factor of 1638?
True
Is 47929 a multiple of 287?
True
Is 14 a factor of 717?
False
Is 48 a factor of 3504?
True
Does 5 divide 2730?
True
Is 3 a factor of 384?
True
Is 8 a factor of 345?
False
Is 46800 a multiple of 8?
True
Is 120 a factor of 2131?
False
Is 24 a factor of 3699?
False
Does 17 divide 2651?
False
Is 120 a multiple of 20?
True
Is 12 a factor of 5364?
True
Is 6 a factor of 84?
True
Is 6 a factor of 708?
True
Is 60 a factor of 9540?
True
Is 1302 a multiple of 7?
True
Is 2346 a multiple of 102?
True
Is 8100 a multiple of 12?
True
Is 23 a factor of 782?
True
Does 25 divide 5600?
True
Is 75 a multiple of 3?
True
Is 6012 a multiple of 167?
True
Is 28 a factor of 4200?
True
Is 106 a factor of 2544?
True
Is 125 a factor of 29083?
False
Does 22 divide 10736?
True
Is 12 a factor of 288?
True
Does 20 divide 2040?
True
Does 13 divide 21439?
False
Does 2 divide 429?
False
Is 62 a factor of 1612?
True
Does 8 divide 10275?
False
Does 6 divide 870?
True
Is 1042 a multiple of 14?
False
Does 8 divide 1776?
True
Is 17418 a multiple of 16?
False
Is 8 a factor of 27800?
True
Does 21 divide 1281?
True
Is 2 a factor of 10?
True
Does 7 divide 364?
True
Does 104 divide 4193?
False
Does 40 divide 597?
False
Does 16 divide 1264?
True
Is 2928 a multiple of 122?
True
Does 179 divide 45350?
False
Is 11 a factor of 5082?
True
Is 41 a multiple of 16?
False
Is 288 a multiple of 8?
True
Does 43 divide 3913?
True
Does 8 divide 424?
True
Is 248 a factor of 4960?
True
Is 11 a factor of 319?
True
Is 3 a factor of 782?
False
Is 1087 a multiple of 4?
False
Is 22 a factor of 251?
False
Is 2207 a multiple of 58?
False
Is 13 a factor of 3315?
True
Is 126 a multiple of 6?
True
Is 4766 a multiple of 76?
False
Is 13 a factor of 6992?
False
Is 10188 a multiple of 36?
True
Is 9324 a multiple of 42?
True
Is 125 a factor of 2250?
True
Is 1557 a multiple of 96?
False
Does 3 divide 2670?
True
Is 2736 a multiple of 6?
True
Does 471 divide 39564?
True
Is 5 a factor of 1291?
False
Is 37344 a multiple of 32?
True
Is 19 a factor of 4416?
False
Is 38 a factor of 845?
False
Does 13 divide 3237?
True
Is 9 a factor of 4418?
False
Is 4 a factor of 76?
True
Does 5 divide 7405?
True
Is 18294 a multiple of 43?
False
Is 6457 a multiple of 42?
False
Does 91 divide 4823?
True
Is 182 a factor of 67158?
True
Does 36 divide 14142?
False
Is 1450 a multiple of 25?
True
Does 41 divide 11379?
False
Is 25 a factor of 451?
False
Is 15 a factor of 375?
True
Is 25690 a multiple of 8?
False
Is 141 a factor of 7081?
False
Is 3294 a multiple of 100?
False
Is 30 a multiple of 4?
False
Does 81 divide 13689?
True
Is 14 a factor of 714?
True
Does 29 divide 2494?
True
Is 13 a factor of 845?
True
Is 11909 a multiple of 157?
False
Is 155 a factor of 5345?
False
Does 80 divide 18880?
True
Is 53 a factor of 10123?
True
Is 87 a factor of 606?
False
Is 2899 a multiple of 13?
True
Is 1173 a multiple of 54?
False
Is 1920 a multiple of 80?
True
Is 955 a multiple of 107?
False
Does 5 divide 440?
True
Does 5 divide 710?
True
Is 7 a factor of 154?
True
Is 775 a multiple of 3?
False
Is 10908 a multiple of 4?
True
Is 1500 a multiple of 50?
True
Is 19 a factor of 7600?
True
Does 68 divide 1632?
True
Is 11 a factor of 20913?
False
Does 116 divide 2254?
False
Is 15000 a multiple of 10?
True
Is 30 a factor of 8160?
True
Does 203 divide 9245?
False
Does 99 divide 3267?
True
Is 23 a factor of 3082?
True
Does 19 divide 3040?
True
Is 1320 a multiple of 10?
True
Is 114 a factor of 4704?
False
Does 3 divide 85?
False
Is 7 a factor of 1225?
True
Does 15 divide 2670?
True
Is 28 a factor of 1112?
False
Is 42 a factor of 67889?
False
Does 12 divide 475?
False
Does 79 divide 1423?
False
Is 18 a factor of 46278?
True
Is 510 a multiple of 8?
False
Is 77 a factor of 770?
True
Is 35 a factor of 23100?
True
Is 4 a multiple of 3?
False
Is 18 a factor of 39384?
True
Does 10 divide 1790?
True
Is 43802 a multiple of 181?
True
Does 265 divide 4704?
False
Does 13 divide 8414?
False
Is 30076 a multiple of 20?
False
Is 825 a multiple of 15?
True
Does 25 divide 282?
False
Is 165 a multiple of 11?
True
Is 1732 a multiple of 48?
False
Is 7440 a multiple of 80?
True
Is 826 a multiple of 9?
False
Is 1905 a multiple of 18?
False
Does 80 divide 880?
True
Is 24 a factor of 288?
True
Is 6231 a multiple of 67?
True
Does 27 divide 2079?
True
Is 2819 a multiple of 56?
False
Is 2 a factor of 16?
True
Does 4 divide 2904?
True
Is 8323 a multiple of 24?
False
Is 3630 a multiple of 11?
True
Is 2376 a multiple of 66?
True
Is 6297 a multiple of 6?
False
Is 60 a multiple of 9?
False
Is 3026 a multiple of 89?
True
Is 8031 a multiple of 8?
False
Is 6 a multiple of 3?
True
Is 17 a factor of 8057?
False
Is 98 a factor of 21462?
True
Is 3626 a multiple of 14?
True
Does 71 divide 36548?
False
Is 33798 a multiple of 8?
False
Is 129 a factor of 18705?
True
Is 66 a factor of 4092?
True
Is 285 a multiple of 9?
False
Is 2307 a multiple of 19?
False
Does 69 divide 7518?
False
Does 8 divide 29671?
False
Is 604 a multiple of 35?
False
Is 11 a factor of 5302?
True
Is 25 a factor of 6096?
False
Is 1257 a multiple of 6?
False
Is 1342 a multiple of 11?
True
Is 9 a factor of 3209?
False
Is 9792 a multiple of 16?
True
Is 832 a multiple of 13?
True
Is 3438 a multiple of 9?
True
Is 2360 a multiple of 8?
True
Does 55 divide 103046?
False
Does 3 divide 16507?
False
Does 26 divide 31603?
False
Is 2120 a multiple of 16?
False
Does 23 divide 2332?
False
Is 14 a factor of 5516?
True
Is 6 a factor of 76?
False
Is 12 a factor of 4584?
True
Is 4914 a multiple of 26?
True
Is 213 a multiple of 5?
False
Is 1326 a multiple of 39?
True
Is 332 a factor of 50064?
False
Is 306 a factor of 56619?
False
Does 36 divide 3365?
False
Is 71 a factor of 1037?
False
Is 6 a factor of 570?
True
Is 198 a multiple of 25?
False
Is 12 a factor of 17508?
True
Is 28843 a multiple of 125?
False
Is 7266 a multiple of 14?
True
Does 71 divide 64113?
True
Does 5 divide 55327?
False
Is 130 even?
True
Is 9246 a multiple of 67?
True
Is 3026 a multiple of 34?
True
Is 5919 a multiple of 8?
False
Is 4 a factor of 1424?
True
Is 929 a multiple of 27?
False
Is 4 a factor of 3184?
True
Is 38247 a multiple of 57?
True
Does 20 divide 1713?
False
Is 1120 a multiple of 14?
True
Does 33 divide 10164?
True
Is 4459 a multiple of 40?
False
Is 3432 a multiple of 104?
True
Is 1355 a multiple of 16?
False
Does 37 divide 8915?
False
Is 11098 a multiple of 179?
True
Is 99 a factor of 18829?
False
Is 13 a factor of 26?
True
Does 54 divide 5400?
True
Is 93 a factor of 15941?
False
Is 10 a factor of 110?
True
Is 592 a multiple of 5?
False
Is 8 a factor of 821?
False
Is 34787 a multiple of 43?
True
Is 11 a factor of 4147?
True
Is 8 a factor of 158?
False
Is 9 a factor of 409?
False
Is 56 a multiple of 2?
True
Does 7 divide 600?
False
Is 60 a factor of 6660?
True
Is 1